Dec 01 14:04:52.808 INFO testing jeremyBanks/flamerun against master#8940af3cea4a9a9deabcaf843b2f8cad9a83fc61 for beta-1.31-5
Dec 01 14:04:52.809 INFO running `"docker" "create" "-v" "/mnt/big/crater/work/local/target-dirs/beta-1.31-5/worker-3/master#8940af3cea4a9a9deabcaf843b2f8cad9a83fc61:/target:rw,Z" "-v" "/mnt/big/crater/work/local/test-source/worker-3/beta-1.31-5/master#8940af3cea4a9a9deabcaf843b2f8cad9a83fc61:/source:ro,Z" "-v" "/mnt/big/crater/work/local/cargo-home:/cargo-home:ro,Z" "-v" "/mnt/big/crater/work/local/rustup-home:/rustup-home:ro,Z" "-e" "USER_ID=1000" "-e" "SOURCE_DIR=/source" "-e" "USER_ID=1000" "-e" "CMD=cargo +8940af3cea4a9a9deabcaf843b2f8cad9a83fc61-alt build --frozen" "-e" "CARGO_TARGET_DIR=/target" "-e" "CARGO_INCREMENTAL=0" "-e" "RUST_BACKTRACE=full" "-e" "RUSTFLAGS=--cap-lints=warn" "-e" "CARGO_HOME=/cargo-home" "-e" "RUSTUP_HOME=/rustup-home" "-m" "1536M" "--network" "none" "crater"`
Dec 01 14:04:53.239 INFO [stdout] 7728690332cf3efcfc18852b46b822357666f832a2a8099d48cb3175880c20b0
Dec 01 14:04:53.241 INFO running `"docker" "start" "-a" "7728690332cf3efcfc18852b46b822357666f832a2a8099d48cb3175880c20b0"`
Dec 01 14:04:55.058 INFO [stderr] usermod: no changes
Dec 01 14:04:55.507 INFO [stderr]    Compiling want v0.0.6
Dec 01 14:04:55.521 INFO [stderr]    Compiling tokio-io v0.1.9
Dec 01 14:04:55.521 INFO [stderr]    Compiling block-buffer v0.7.0
Dec 01 14:04:55.521 INFO [stderr]    Compiling chrono v0.4.6
Dec 01 14:04:55.521 INFO [stderr]    Compiling tokio-threadpool v0.1.7
Dec 01 14:04:57.035 INFO [stderr]    Compiling sha2 v0.8.0
Dec 01 14:05:01.011 INFO [stderr]    Compiling tokio-codec v0.1.1
Dec 01 14:05:01.011 INFO [stderr]    Compiling tokio-reactor v0.1.6
Dec 01 14:05:01.011 INFO [stderr]    Compiling h2 v0.1.12
Dec 01 14:05:04.295 INFO [stderr]    Compiling tokio-fs v0.1.3
Dec 01 14:05:09.623 INFO [stderr]    Compiling tokio-udp v0.1.2
Dec 01 14:05:09.623 INFO [stderr]    Compiling tokio-tcp v0.1.2
Dec 01 14:05:09.623 INFO [stderr]    Compiling tokio-uds v0.2.2
Dec 01 14:05:13.832 INFO [stderr]    Compiling tokio v0.1.11
Dec 01 14:05:17.990 INFO [stderr]    Compiling hyper v0.12.11
Dec 01 14:05:26.191 INFO [stderr]    Compiling hyper-tls v0.3.1
Dec 01 14:05:28.543 INFO [stderr]    Compiling reqwest v0.9.2
Dec 01 14:05:39.714 INFO [stderr]    Compiling flamerun v0.0.0 (/source)
Dec 01 14:05:43.539 INFO [stderr] error[E0554]: #![feature] may not be used on the beta release channel
Dec 01 14:05:43.539 INFO [stderr]  --> src/main.rs:1:1
Dec 01 14:05:43.539 INFO [stderr]   |
Dec 01 14:05:43.539 INFO [stderr] 1 | #![feature(custom_attribute)]
Dec 01 14:05:43.539 INFO [stderr]   | ^^^^^^^^^^^^^^^^^^^^^^^^^^^^^
Dec 01 14:05:43.539 INFO [stderr] 
Dec 01 14:05:43.539 INFO [stderr] error[E0554]: #![feature] may not be used on the beta release channel
Dec 01 14:05:43.539 INFO [stderr]  --> src/main.rs:2:1
Dec 01 14:05:43.539 INFO [stderr]   |
Dec 01 14:05:43.539 INFO [stderr] 2 | #![feature(try_blocks)]
Dec 01 14:05:43.539 INFO [stderr]   | ^^^^^^^^^^^^^^^^^^^^^^^
Dec 01 14:05:43.539 INFO [stderr] 
Dec 01 14:05:43.539 INFO [stderr] error[E0554]: #![feature] may not be used on the beta release channel
Dec 01 14:05:43.539 INFO [stderr]  --> src/main.rs:3:1
Dec 01 14:05:43.539 INFO [stderr]   |
Dec 01 14:05:43.539 INFO [stderr] 3 | #![feature(try_from)]
Dec 01 14:05:43.539 INFO [stderr]   | ^^^^^^^^^^^^^^^^^^^^^
Dec 01 14:05:43.539 INFO [stderr] 
Dec 01 14:05:43.539 INFO [stderr] error[E0554]: #![feature] may not be used on the beta release channel
Dec 01 14:05:43.539 INFO [stderr]  --> src/main.rs:4:1
Dec 01 14:05:43.539 INFO [stderr]   |
Dec 01 14:05:43.539 INFO [stderr] 4 | #![feature(slice_concat_ext)]
Dec 01 14:05:43.539 INFO [stderr]   | ^^^^^^^^^^^^^^^^^^^^^^^^^^^^^
Dec 01 14:05:43.539 INFO [stderr] 
Dec 01 14:05:43.547 INFO [stderr] error: aborting due to 4 previous errors
Dec 01 14:05:43.547 INFO [stderr] 
Dec 01 14:05:43.547 INFO [stderr] For more information about this error, try `rustc --explain E0554`.
Dec 01 14:05:43.570 INFO [stderr] error: Could not compile `flamerun`.
Dec 01 14:05:43.570 INFO [stderr] 
Dec 01 14:05:43.570 INFO [stderr] To learn more, run the command again with --verbose.
Dec 01 14:05:43.571 INFO [stderr] su: No module specific data is present
Dec 01 14:05:44.096 INFO running `"docker" "inspect" "7728690332cf3efcfc18852b46b822357666f832a2a8099d48cb3175880c20b0"`
Dec 01 14:05:44.272 INFO running `"docker" "rm" "-f" "7728690332cf3efcfc18852b46b822357666f832a2a8099d48cb3175880c20b0"`
Dec 01 14:05:44.491 INFO [stdout] 7728690332cf3efcfc18852b46b822357666f832a2a8099d48cb3175880c20b0
